(base 11) in base 9?
-22
What is 1 (base 7) in base 5?
1
What is -121 (base 8) in base 14?
-5b
31 (base 5) to base 10
16
Convert 3 (base 13) to base 4.
3
-1 (base 3) to base 16
-1
120 (base 3) to base 5
30
120 (base 3) to base 16
f
Convert -120 (base 3) to base 4.
-33
Convert -a (base 11) to base 2.
-1010
-1112 (base 3) to base 12
-35
-54 (base 13) to base 6
-153
e (base 15) to base 6
22
What is 14 (base 6) in base 9?
11
What is -100 (base 2) in base 5?
-4
-201 (base 6) to base 4
-1021
What is -100101 (base 2) in base 16?
-25
What is -3 (base 6) in base 15?
-3
Convert 144 (base 10) to base 4.
2100
Convert 87 (base 11) to base 4.
1133
What is -1 (base 7) in base 14?
-1
2130 (base 4) to base 13
c0
What is -10 (base 2) in base 6?
-2
35 (base 10) to base 12
2b
-13 (base 4) to base 10
-7
What is 4a (base 13) in base 2?
111110
What is -2a (base 11) in base 16?
-20
What is 3 (base 14) in base 11?
3
What is 0 (base 2) in base 8?
0
Convert -1 (base 15) to base 8.
-1
-132 (base 4) to base 7
-42
152 (base 8) to base 10
106
Convert 0 (base 4) to base 12.
0
0 (base 6) to base 8
0
What is 150 (base 12) in base 5?
1304
34 (base 8) to base 14
20
Convert -a5 (base 16) to base 6.
-433
What is -30 (base 10) in base 15?
-20
Convert 22 (base 5) to base 6.
20
What is 24 (base 13) in base 12?
26
-16 (base 7) to base 10
-13
What is -11 (base 2) in base 11?
-3
Convert 10001110 (base 2) to base 14.
a2
What is -5 (base 7) in base 16?
-5
What is 3 (base 16) in base 13?
3
What is -390 (base 10) in base 6?
-1450
-13 (base 4) to base 3
-21
What is 23 (base 10) in base 4?
113
244 (base 5) to base 16
4a
Convert 14 (base 7) to base 15.
b
What is -10 (base 2) in base 7?
-2
-242 (base 5) to base 14
-52
Convert -3 (base 13) to base 7.
-3
12 (base 4) to base 2
110
Convert -3a (base 12) to base 2.
-101110
Convert -1012 (base 4) to base 8.
-106
Convert 19 (base 12) to base 11.
1a
Convert 76 (base 11) to base 16.
53
-1111101 (base 2) to base 16
-7d
Convert -15 (base 15) to base 5.
-40
Convert 3 (base 9) to base 12.
3
-43 (base 5) to base 2
-10111
What is 13 (base 13) in base 11?
15
-57 (base 14) to base 12
-65
What is 14 (base 8) in base 7?
15
-11 (base 14) to base 12
-13
Convert 6 (base 8) to base 9.
6
Convert -111 (base 2) to base 4.
-13
Convert -103 (base 5) to base 10.
-28
What is -a (base 15) in base 7?
-13
Convert 22 (base 3) to base 13.
8
Convert 2 (base 14) to base 5.
2
Convert 7 (base 9) to base 6.
11
1011 (base 3) to base 10
31
Convert -2 (base 7) to base 3.
-2
Convert 6 (base 9) to base 7.
6
Convert -10d (base 14) to base 5.
-1314
Convert -5 (base 12) to base 6.
-5
What is -60 (base 7) in base 14?
-30
What is -2130 (base 4) in base 7?
-312
3 (base 12) to base 6
3
What is 0 (base 11) in base 8?
0
Convert -3 (base 4) to base 16.
-3
Convert -22 (base 8) to base 10.
-18
What is -2 (base 10) in base 2?
-10
Convert -5 (base 14) to base 12.
-5
Convert -1 (base 4) to base 13.
-1
-17 (base 16) to base 4
-113
-133 (base 8) to base 6
-231
106 (base 9) to base 3
10020
What is 8 (base 16) in base 7?
11
What is 11 (base 2) in base 7?
3
-ac (base 13) to base 5
-1032
Convert c (base 16) to base 4.
30
Convert b0 (base 12) to base 4.
2010
Convert 0 (base 6) to base 12.
0
What is 190 (base 15) in base 16?
168
What is 5 (base 7) in base 13?
5
-4 (base 12) to base 6
-4
What is -1 (base 5) in base 16?
-1
-78 (base 12) to base 4
-1130
Convert -4 (base 11) to base 14.
-4
What is 403 (base 5) in base 13?
7c
Convert 22 (base 6) to base 12.
12
74 (base 8) to base 9
66
What is 1010 (base 4) in base 9?
75
What is -18 (base 11) in base 7?
-25
Convert 0 (base 2) to base 15.
0
-112 (base 12) to base 2
-10011110
Convert 13 (base 13) to base 2.
10000
What is -111 (base 16) in base 11?
-229
What is -40 (base 5) in base 14?
-16
0 (base 14) to base 4
0
What is 5 (base 10) in base 16?
5
What is -4 (base 13) in base 12?
-4
Convert -330 (base 9) to base 8.
-416
5 (base 7) to base 9
5
What is -9 (base 14) in base 15?
-9
15 (base 11) to base 5
31
-1000 (base 2) to base 15
-8
211 (base 12) to base 10
301
-110111 (base 2) to base 4
-313
What is -5 (base 8) in base 3?
-12
38 (base 13) to base 10
47
1 (base 8) to base 15
1
Convert -34 (base 10) to base 9.
-37
Convert 1 (base 7) to base 13.
1
150 (base 6) to base 13
51
What is 1a1 (base 14) in base 5?
2322
72 (base 9) to base 2
1000001
-30 (base 14) to base 7
-60
-34 (base 10) to base 7
-46
Convert -18 (base 11) to base 7.
-25
-12 (base 11) to base 4
-31
-10 (base 2) to base 7
-2
Convert 1000010 (base 2) to base 12.
56
Convert -11 (base 2) to base 6.
-3
-a4 (base 11) to base 9
-136
Convert -5 (base 12) to base 3.
-12
What is -2a (base 11) in base 12?
-28
What is -31 (base 13) in base 7?
-55
Convert 21 (base 11) to base 12.
1b
-423 (base 7) to base 10
-213
Convert -17 (base 8) to base 16.
-f
What is 26 (base 12) in base 5?
110
What is 244 (base 8) in base 15?
ae
What is 1000 (base 2) in base 12?
8
-31 (base 15) to base 12
-3a
-8c (base 13) to base 8
-164
Convert -60 (base 8) to base 9.
-53
Convert 0 (base 2) to base 3.
0
145 (base 16) to base 9
401
What is a (base 13) in base 16?
a
Convert 33 (base 7) to base 13.
1b
-10a (base 15) to base 2
-11101011
-1032 (base 5) to base 13
-ac
Convert 12c (base 14) to base 13.
152
Convert -11 (base 13) to base 8.
-16
Convert -40 (base 10) to base 14.
-2c
-6 (base 15) to base 11
-6
What is 96 (base 16) in base 9?
176
86 (base 12) to base 4
1212
What is 16 (base 10) in base 6?
24
What is -6 (base 8) in base 2?
-110
Convert -3 (base 15) to base 4.
-3
Convert -4 (base 6) to base 13.
-4
Convert -3 (base 9) to base 13.
-3
-e3 (base 16) to base 9
-272
Convert 11 (base 5) to base 12.
6
Convert -4 (base 11) to base 16.
-4
d (base 15) to base 9
14
-30 (base 10) to base 4
-132
Convert 4 (base 10) to base 15.
4
Convert -164 (base 11) to base 3.
-21002
-20 (base 8) to base 10
-16
-2 (base 16) to base 12
-2
-8 (base 13) to base 3
-22
-7 (base 11) to base 4
-13
What is -4 (base 5) in base 14?
-4
What is 4 (base 12) in base 5?
4
0 (base 2) to base 16
0
What is -5 (base 14) in base 8?
-5
Convert 333 (base 6) to base 16.
81
What is -18 (base 14) in base 15?
-17
What is -a (base 11) in base 2?
-1010
f (base 16) to base 5
30
-610 (base 8) to base 10
-392
What is -356 (base 9) in base 7?
-600
What is -19 (base 14) in base 12?
-1b
198 (base 12) to base 2
100000100
-2b (base 15) to base 7
-56
What is 1 (base 8) in base 3?
1
74 (base 8) to base 4
330
2 (base 5) to base 12
2
Convert -10 (base 2) to base 16.
-2
What is 112 (base 16) in base 5?
2044
-12 (base 11) to base 5
-23
Convert -10112 (base 3) to base 9.
-115
What is 1 (base 14) in base 4?
1
Convert -131 (base 12) to base 11.
-155
a (base 15) to base 3
101
Convert 4 (base 13) to base 5.
4
b5 (base 16) to base 7
346
434 (base 6) to base 7
325
45 (base 8) to base 2
100101
Convert -111 (base 2) to base 9.
-7
Convert b (base 16) to base 4.
23
Convert -2 (base 8) to base 4.
-2
Convert 11010 (base 2) to base 6.
42
1 (base 13) to base 16
1
Convert -5 (base 11) to base 3.
-12
What is 4 (base 9) in base 8?
4
What is 75 (base 14) in base 3?
10211
What is -140 (base 7) in base 8?
-115
What is 11011 (base 2) in base 5?
102
What is -2313 (base 4) in base 7?
-351
1 (base 9) to base 4
1
What is 2 (base 14) in base 13?
2
-41 (base 10) to base 5
-131
Convert -66 (base 8) to base 7.
-105
Convert 8 (base 12) to base 6.
12
2 (base 16) to base 10
2
What is 59 (base 14) in base 12?
67
What is 2 (base 14) in base 13?
2
Convert 104 (base 5) to base 14.
21
What is 121 (base 4) in base 9?
27
-1a (base 12) to base 5
-42
Convert bd (base 14) to base 11.
142
Convert -110 (base 2) to base 6.
-10
What is 55 (base 15) in base 4?
1100
14 (base 7) to base 14
b
-101011 (base 2) to base 9
-47
-3 (base 12) to base 9
-3
What is 2 (base 12) in base 10?
2
29 (base 16) to base 6
105
What is -7 (base 16) in base 11?
-7
What is 51 (base 14) in base 8?
107
What is 101 (base 2) in base 16?
5
What is -167 (base 12) in base 16?
-df
What is 4 (base 13) in base 7?
4
What is -10 (base 8) in base 9?
-8
Convert 16 (base 14) to base 9.
22
What is -4 (base 12) in base 16?
-4
What is 20 (base 11) in base 7?
31
274 (base 8) to base 9
228
What is 10 (base 6) in base 16?
6
10 (base 10) to base 9
11
Convert -43 (base 5) to base 4.
-113
-1 (base 3) to base 